{"id":6667,"date":"2025-09-29T07:56:30","date_gmt":"2025-09-29T05:56:30","guid":{"rendered":"https:\/\/www.sim.upb.ro\/?page_id=6667"},"modified":"2026-02-23T12:53:18","modified_gmt":"2026-02-23T10:53:18","slug":"orarii-master","status":"publish","type":"page","link":"https:\/\/www.sim.upb.ro\/index.php\/orarii-master\/","title":{"rendered":"ORARII MASTER"},"content":{"rendered":"\t\t<div data-elementor-type=\"wp-page\" data-elementor-id=\"6667\" class=\"elementor elementor-6667\">\n\t\t\t\t\t\t<section class=\"elementor-section elementor-top-section elementor-element elementor-element-f54c8eb elementor-section-boxed elementor-section-height-default elementor-section-height-default\" data-id=\"f54c8eb\" data-element_type=\"section\">\n\t\t\t\t\t\t<div class=\"elementor-container elementor-column-gap-default\">\n\t\t\t\t\t<div class=\"elementor-column elementor-col-100 elementor-top-column elementor-element elementor-element-af21d86\" data-id=\"af21d86\" data-element_type=\"column\">\n\t\t\t<div class=\"elementor-widget-wrap elementor-element-populated\">\n\t\t\t\t\t\t<div class=\"elementor-element elementor-element-d04faa1 elementor-widget elementor-widget-text-editor\" data-id=\"d04faa1\" data-element_type=\"widget\" data-widget_type=\"text-editor.default\">\n\t\t\t\t<div class=\"elementor-widget-container\">\n\t\t\t\t\t\t\t\t\t<h1>ORARII MASTER 2025 &#8211; 2026<\/h1>\t\t\t\t\t\t\t\t<\/div>\n\t\t\t\t<\/div>\n\t\t\t\t\t<\/div>\n\t\t<\/div>\n\t\t\t\t\t<\/div>\n\t\t<\/section>\n\t\t\t\t<section class=\"elementor-section elementor-top-section elementor-element elementor-element-69054a8 elementor-section-boxed elementor-section-height-default elementor-section-height-default\" data-id=\"69054a8\" data-element_type=\"section\">\n\t\t\t\t\t\t<div class=\"elementor-container elementor-column-gap-default\">\n\t\t\t\t\t<div class=\"elementor-column elementor-col-100 elementor-top-column elementor-element elementor-element-dd8c64c\" data-id=\"dd8c64c\" data-element_type=\"column\">\n\t\t\t<div class=\"elementor-widget-wrap elementor-element-populated\">\n\t\t\t\t\t\t<div class=\"elementor-element elementor-element-d16d11c elementor-widget elementor-widget-text-editor\" data-id=\"d16d11c\" data-element_type=\"widget\" data-widget_type=\"text-editor.default\">\n\t\t\t\t<div class=\"elementor-widget-container\">\n\t\t\t\t\t\t\t\t\t<h2>SEMESTRUL I<\/h2>\t\t\t\t\t\t\t\t<\/div>\n\t\t\t\t<\/div>\n\t\t\t\t\t<\/div>\n\t\t<\/div>\n\t\t\t\t\t<\/div>\n\t\t<\/section>\n\t\t\t\t<section class=\"elementor-section elementor-top-section elementor-element elementor-element-1c3bff4 elementor-section-boxed elementor-section-height-default elementor-section-height-default\" data-id=\"1c3bff4\" data-element_type=\"section\">\n\t\t\t\t\t\t<div class=\"elementor-container elementor-column-gap-default\">\n\t\t\t\t\t<div class=\"elementor-column elementor-col-50 elementor-top-column elementor-element elementor-element-b022f1c\" data-id=\"b022f1c\" data-element_type=\"column\">\n\t\t\t<div class=\"elementor-widget-wrap elementor-element-populated\">\n\t\t\t\t\t\t<div class=\"elementor-element elementor-element-9a6b0f4 elementor-widget elementor-widget-text-editor\" data-id=\"9a6b0f4\" data-element_type=\"widget\" data-widget_type=\"text-editor.default\">\n\t\t\t\t<div class=\"elementor-widget-container\">\n\t\t\t\t\t\t\t\t\t<p>ANUL I<\/p><p><a href=\"https:\/\/www.sim.upb.ro\/wp-content\/uploads\/2025\/09\/orarii\/IB_Master.pdf\" target=\"_blank\" rel=\"noopener\">IB &#8211; Tehnici avansate pentru procesarea materialelor metalice\u00a0<\/a><\/p><p><a href=\"https:\/\/www.sim.upb.ro\/wp-content\/uploads\/2025\/09\/orarii\/IC_Master.pdf\" target=\"_blank\" rel=\"noopener\">IC &#8211; <span class=\"fontstyle0\">\u015etiin\u0163a \u015fi Expertizarea Materialelor Metalice Avansate<\/span>\u00a0<\/a><\/p><p><a href=\"https:\/\/www.sim.upb.ro\/wp-content\/uploads\/2025\/09\/orarii\/ID_Master.pdf\" target=\"_blank\" rel=\"noopener\">ID &#8211;\u00a0<span style=\"font-size: 14px;\">Protec\u021bia Mediului \u00een Industria Materialelor Metalice<\/span><\/a><\/p><p><a href=\"https:\/\/www.sim.upb.ro\/wp-content\/uploads\/2025\/09\/orarii\/IE_Master.pdf\" target=\"_blank\" rel=\"noopener\">IE &#8211; <span class=\"fontstyle0\">Ingineria \u0219i Managementul Producerii Materialelor Metalice<\/span>\u00a0<\/a><\/p><p><a href=\"https:\/\/www.sim.upb.ro\/wp-content\/uploads\/2025\/09\/orarii\/IF_Master.pdf\" target=\"_blank\" rel=\"noopener\">IF &#8211;\u00a0<span style=\"font-size: 14px;\">Biomateriale metalice<\/span><\/a><\/p><p><a href=\"https:\/\/www.sim.upb.ro\/wp-content\/uploads\/2025\/09\/orarii\/IH_Master.pdf\" target=\"_blank\" rel=\"noopener\">IH &#8211;\u00a0<span style=\"font-size: 14px;\">Materiale \u0219i dispozitive pentru ap\u0103rare, securitate \u0219i situa\u021bii de criz\u0103<\/span><\/a><\/p><p><a href=\"https:\/\/www.sim.upb.ro\/wp-content\/uploads\/2025\/09\/orarii\/IJ_Master.pdf\" target=\"_blank\" rel=\"noopener\">IJ &#8211; <span class=\"fontstyle0\">SISTEME INFORMATICE \u0218I TRANSFORMARE DIGITAL\u0102 \u00ceN PROCESAREA MATERIALELOR<\/span>\u00a0<\/a><\/p><p><a href=\"https:\/\/www.sim.upb.ro\/wp-content\/uploads\/2025\/09\/orarii\/IK_Master.pdf\" target=\"_blank\" rel=\"noopener\">IK &#8211; <span class=\"fontstyle0\">Antreprenoriat in industria de materiale<\/span>\u00a0<\/a><\/p><p><a href=\"https:\/\/www.sim.upb.ro\/wp-content\/uploads\/2025\/09\/orarii\/ILM.pdf\" target=\"_blank\" rel=\"noopener\">IL &#8211; <span class=\"fontstyle0\">Tehnologii Sustenabile de Reciclare a Materialelor Metalice<\/span>\u00a0<\/a><\/p>\t\t\t\t\t\t\t\t<\/div>\n\t\t\t\t<\/div>\n\t\t\t\t\t<\/div>\n\t\t<\/div>\n\t\t\t\t<div class=\"elementor-column elementor-col-50 elementor-top-column elementor-element elementor-element-c30c211\" data-id=\"c30c211\" data-element_type=\"column\">\n\t\t\t<div class=\"elementor-widget-wrap elementor-element-populated\">\n\t\t\t\t\t\t<div class=\"elementor-element elementor-element-69b134c elementor-widget elementor-widget-text-editor\" data-id=\"69b134c\" data-element_type=\"widget\" data-widget_type=\"text-editor.default\">\n\t\t\t\t<div class=\"elementor-widget-container\">\n\t\t\t\t\t\t\t\t\t<p>ANUL II<\/p><p><a href=\"https:\/\/www.sim.upb.ro\/wp-content\/uploads\/2025\/09\/orarii\/IIB_Master.pdf\" target=\"_blank\" rel=\"noopener\">IIB &#8211; Tehnici avansate pentru procesarea materialelor metalice\u00a0<\/a><\/p><p><a href=\"https:\/\/www.sim.upb.ro\/wp-content\/uploads\/2025\/09\/orarii\/IIC_Master.pdf\" target=\"_blank\" rel=\"noopener\">IIC &#8211; <span class=\"fontstyle0\">\u015etiin\u0163a \u015fi Expertizarea Materialelor Metalice Avansate<\/span>\u00a0<\/a><\/p><p><a href=\"https:\/\/www.sim.upb.ro\/wp-content\/uploads\/2025\/09\/orarii\/IID_Master.pdf\" target=\"_blank\" rel=\"noopener\">IID &#8211; <span style=\"font-size: 14px;\">Protec\u021bia Mediului \u00een Industria Materialelor Metalice<\/span><\/a><\/p><p><a href=\"https:\/\/www.sim.upb.ro\/wp-content\/uploads\/2025\/09\/orarii\/IIE_Master.pdf\" target=\"_blank\" rel=\"noopener\">IIE &#8211;\u00a0<span style=\"font-size: 14px;\">Ingineria \u0219i Managementul Producerii Materialelor Metalice<\/span><\/a><\/p><p><a href=\"https:\/\/www.sim.upb.ro\/wp-content\/uploads\/2025\/09\/orarii\/IIF_Master.pdf\" target=\"_blank\" rel=\"noopener\">IIF &#8211; <span style=\"font-size: 14px;\">Biomateriale metalice<\/span><\/a><\/p><p><a href=\"https:\/\/www.sim.upb.ro\/wp-content\/uploads\/2025\/09\/orarii\/IIH_Master.pdf\" target=\"_blank\" rel=\"noopener\">IIH &#8211; <span style=\"font-size: 14px;\">Materiale \u0219i dispozitive pentru ap\u0103rare, securitate \u0219i situa\u021bii de criz\u0103<\/span><\/a><\/p><p><a href=\"https:\/\/www.sim.upb.ro\/wp-content\/uploads\/2025\/09\/orarii\/IIJ_Master.pdf\" target=\"_blank\" rel=\"noopener\">IIJ &#8211; <span class=\"fontstyle0\">SISTEME INFORMATICE \u0218I TRANSFORMARE DIGITAL\u0102 \u00ceN PROCESAREA MATERIALELOR<\/span>\u00a0<\/a><\/p><p><a href=\"https:\/\/www.sim.upb.ro\/wp-content\/uploads\/2025\/09\/orarii\/IIK_Master.pdf\" target=\"_blank\" rel=\"noopener\">IIK &#8211; <span class=\"fontstyle0\">Antreprenoriat in industria de materiale<\/span>\u00a0<\/a><\/p>\t\t\t\t\t\t\t\t<\/div>\n\t\t\t\t<\/div>\n\t\t\t\t\t<\/div>\n\t\t<\/div>\n\t\t\t\t\t<\/div>\n\t\t<\/section>\n\t\t\t\t<section class=\"elementor-section elementor-top-section elementor-element elementor-element-28c7b2a elementor-section-boxed elementor-section-height-default elementor-section-height-default\" data-id=\"28c7b2a\" data-element_type=\"section\">\n\t\t\t\t\t\t<div class=\"elementor-container elementor-column-gap-default\">\n\t\t\t\t\t<div class=\"elementor-column elementor-col-100 elementor-top-column elementor-element elementor-element-c1f6bcd\" data-id=\"c1f6bcd\" data-element_type=\"column\">\n\t\t\t<div class=\"elementor-widget-wrap elementor-element-populated\">\n\t\t\t\t\t\t<div class=\"elementor-element elementor-element-72a742e elementor-widget elementor-widget-heading\" data-id=\"72a742e\" data-element_type=\"widget\" data-widget_type=\"heading.default\">\n\t\t\t\t<div class=\"elementor-widget-container\">\n\t\t\t\t\t<h2 class=\"elementor-heading-title elementor-size-default\">SEMESTRUL II<\/h2>\t\t\t\t<\/div>\n\t\t\t\t<\/div>\n\t\t\t\t\t<\/div>\n\t\t<\/div>\n\t\t\t\t\t<\/div>\n\t\t<\/section>\n\t\t\t\t<section class=\"elementor-section elementor-top-section elementor-element elementor-element-6528ada elementor-section-boxed elementor-section-height-default elementor-section-height-default\" data-id=\"6528ada\" data-element_type=\"section\">\n\t\t\t\t\t\t<div class=\"elementor-container elementor-column-gap-default\">\n\t\t\t\t\t<div class=\"elementor-column elementor-col-50 elementor-top-column elementor-element elementor-element-174b180\" data-id=\"174b180\" data-element_type=\"column\">\n\t\t\t<div class=\"elementor-widget-wrap elementor-element-populated\">\n\t\t\t\t\t\t<div class=\"elementor-element elementor-element-d78893e elementor-widget elementor-widget-text-editor\" data-id=\"d78893e\" data-element_type=\"widget\" data-widget_type=\"text-editor.default\">\n\t\t\t\t<div class=\"elementor-widget-container\">\n\t\t\t\t\t\t\t\t\t<p>ANUL I<\/p><p><a href=\"https:\/\/www.sim.upb.ro\/wp-content\/uploads\/2026\/02\/M_IB.pdf?_t=1771587861\" target=\"_blank\" rel=\"noopener\">IB &#8211; Tehnici avansate pentru procesarea materialelor metalice\u00a0<\/a><\/p><p><a href=\"https:\/\/www.sim.upb.ro\/wp-content\/uploads\/2026\/02\/M_IC.pdf?_t=1771587861\" target=\"_blank\" rel=\"noopener\">IC &#8211; <span class=\"fontstyle0\">\u015etiin\u0163a \u015fi Expertizarea Materialelor Metalice Avansate<\/span>\u00a0<\/a><\/p><p><a href=\"https:\/\/www.sim.upb.ro\/wp-content\/uploads\/2026\/02\/M_ID.pdf?_t=1771843567\" target=\"_blank\" rel=\"noopener\">ID &#8211;\u00a0<span style=\"font-size: 14px;\">Protec\u021bia Mediului \u00een Industria Materialelor Metalice<\/span><\/a><\/p><p><a href=\"https:\/\/www.sim.upb.ro\/wp-content\/uploads\/2026\/02\/M_IE.pdf?_t=1771692845\" target=\"_blank\" rel=\"noopener\">IE &#8211; <span class=\"fontstyle0\">Ingineria \u0219i Managementul Producerii Materialelor Metalice<\/span>\u00a0<\/a><\/p><p><a href=\"https:\/\/www.sim.upb.ro\/wp-content\/uploads\/2026\/02\/M_IF.pdf?_t=1771680250\" target=\"_blank\" rel=\"noopener\">IF &#8211;\u00a0<span style=\"font-size: 14px;\">Biomateriale metalice<\/span><\/a><\/p><p><a href=\"https:\/\/www.sim.upb.ro\/wp-content\/uploads\/2026\/02\/M_IH.pdf?_t=1771587861\" target=\"_blank\" rel=\"noopener\">IH &#8211;\u00a0<span style=\"font-size: 14px;\">Materiale \u0219i dispozitive pentru ap\u0103rare, securitate \u0219i situa\u021bii de criz\u0103<\/span><\/a><\/p><p><a href=\"https:\/\/www.sim.upb.ro\/wp-content\/uploads\/2026\/02\/M_IJ.pdf?_t=1771756371\" target=\"_blank\" rel=\"noopener\">IJ &#8211; <span class=\"fontstyle0\">SISTEME INFORMATICE \u0218I TRANSFORMARE DIGITAL\u0102 \u00ceN PROCESAREA MATERIALELOR<\/span>\u00a0<\/a><\/p><p><a href=\"https:\/\/www.sim.upb.ro\/wp-content\/uploads\/2026\/02\/M_IK.pdf?_t=1771692845\" target=\"_blank\" rel=\"noopener\">IK &#8211; <span class=\"fontstyle0\">Antreprenoriat in industria de materiale<\/span>\u00a0<\/a><\/p><p><a href=\"https:\/\/www.sim.upb.ro\/wp-content\/uploads\/2026\/02\/M_IL.pdf?_t=1771843567\" target=\"_blank\" rel=\"noopener\">IL &#8211; <span class=\"fontstyle0\">Tehnologii Sustenabile de Reciclare a Materialelor Metalice<\/span>\u00a0<\/a><\/p>\t\t\t\t\t\t\t\t<\/div>\n\t\t\t\t<\/div>\n\t\t\t\t\t<\/div>\n\t\t<\/div>\n\t\t\t\t<div class=\"elementor-column elementor-col-50 elementor-top-column elementor-element elementor-element-a1a3a1a\" data-id=\"a1a3a1a\" data-element_type=\"column\">\n\t\t\t<div class=\"elementor-widget-wrap elementor-element-populated\">\n\t\t\t\t\t\t<div class=\"elementor-element elementor-element-fab23b5 elementor-widget elementor-widget-text-editor\" data-id=\"fab23b5\" data-element_type=\"widget\" data-widget_type=\"text-editor.default\">\n\t\t\t\t<div class=\"elementor-widget-container\">\n\t\t\t\t\t\t\t\t\t<p>ANUL II<\/p><p><a href=\"https:\/\/www.sim.upb.ro\/wp-content\/uploads\/2026\/02\/M_IIB.pdf?_t=1771587861\" target=\"_blank\" rel=\"noopener\">IIB &#8211; Tehnici avansate pentru procesarea materialelor metalice\u00a0<\/a><\/p><p><a href=\"https:\/\/www.sim.upb.ro\/wp-content\/uploads\/2026\/02\/M_IIC.pdf?_t=1771587861\" target=\"_blank\" rel=\"noopener\">IIC &#8211; <span class=\"fontstyle0\">\u015etiin\u0163a \u015fi Expertizarea Materialelor Metalice Avansate<\/span>\u00a0<\/a><\/p><p><a href=\"https:\/\/www.sim.upb.ro\/wp-content\/uploads\/2026\/02\/M_IID.pdf?_t=1771843567\" target=\"_blank\" rel=\"noopener\">IID &#8211; <span style=\"font-size: 14px;\">Protec\u021bia Mediului \u00een Industria Materialelor Metalice<\/span><\/a><\/p><p><a href=\"https:\/\/www.sim.upb.ro\/wp-content\/uploads\/2026\/02\/M_IIE.pdf?_t=1771692845\" target=\"_blank\" rel=\"noopener\">IIE &#8211;\u00a0<span style=\"font-size: 14px;\">Ingineria \u0219i Managementul Producerii Materialelor Metalice<\/span><\/a><\/p><p><a href=\"https:\/\/www.sim.upb.ro\/wp-content\/uploads\/2026\/02\/M_IIF.pdf?_t=1771680250\" target=\"_blank\" rel=\"noopener\">IIF &#8211; <span style=\"font-size: 14px;\">Biomateriale metalice<\/span><\/a><\/p><p><a href=\"https:\/\/www.sim.upb.ro\/wp-content\/uploads\/2026\/02\/M_IIH.pdf?_t=1771587861\" target=\"_blank\" rel=\"noopener\">IIH &#8211; <span style=\"font-size: 14px;\">Materiale \u0219i dispozitive pentru ap\u0103rare, securitate \u0219i situa\u021bii de criz\u0103<\/span><\/a><\/p><p><a href=\"https:\/\/www.sim.upb.ro\/wp-content\/uploads\/2026\/02\/M_IIJ.pdf?_t=1771756382\" target=\"_blank\" rel=\"noopener\">IIJ &#8211; <span class=\"fontstyle0\">SISTEME INFORMATICE \u0218I TRANSFORMARE DIGITAL\u0102 \u00ceN PROCESAREA MATERIALELOR<\/span>\u00a0<\/a><\/p><p><a href=\"https:\/\/www.sim.upb.ro\/wp-content\/uploads\/2026\/02\/M_IIK.pdf?_t=1771692845\" target=\"_blank\" rel=\"noopener\">IIK &#8211; <span class=\"fontstyle0\">Antreprenoriat in industria de materiale<\/span>\u00a0<\/a><\/p>\t\t\t\t\t\t\t\t<\/div>\n\t\t\t\t<\/div>\n\t\t\t\t\t<\/div>\n\t\t<\/div>\n\t\t\t\t\t<\/div>\n\t\t<\/section>\n\t\t\t\t<\/div>\n\t\t","protected":false},"excerpt":{"rendered":"<p>ORARII MASTER 2025 &#8211; 2026 SEMESTRUL I ANUL I IB &#8211; Tehnici avansate pentru procesarea materialelor metalice\u00a0 IC &#8211; \u015etiin\u0163a \u015fi Expertizarea Materialelor Metalice Avansate\u00a0 ID &#8211;\u00a0Protec\u021bia Mediului \u00een Industria Materialelor Metalice IE &#8211; Ingineria \u0219i Managementul Producerii Materialelor Metalice\u00a0 IF &#8211;\u00a0Biomateriale metalice IH &#8211;\u00a0Materiale \u0219i dispozitive pentru ap\u0103rare, securitate \u0219i situa\u021bii de criz\u0103 IJ [&hellip;]<\/p>\n","protected":false},"author":4,"featured_media":0,"parent":0,"menu_order":0,"comment_status":"closed","ping_status":"closed","template":"","meta":{"ocean_post_layout":"","ocean_both_sidebars_style":"","ocean_both_sidebars_content_width":0,"ocean_both_sidebars_sidebars_width":0,"ocean_sidebar":"","ocean_second_sidebar":"","ocean_disable_margins":"enable","ocean_add_body_class":"","ocean_shortcode_before_top_bar":"","ocean_shortcode_after_top_bar":"","ocean_shortcode_before_header":"","ocean_shortcode_after_header":"","ocean_has_shortcode":"","ocean_shortcode_after_title":"","ocean_shortcode_before_footer_widgets":"","ocean_shortcode_after_footer_widgets":"","ocean_shortcode_before_footer_bottom":"","ocean_shortcode_after_footer_bottom":"","ocean_display_top_bar":"default","ocean_display_header":"default","ocean_header_style":"","ocean_center_header_left_menu":"","ocean_custom_header_template":"","ocean_custom_logo":0,"ocean_custom_retina_logo":0,"ocean_custom_logo_max_width":0,"ocean_custom_logo_tablet_max_width":0,"ocean_custom_logo_mobile_max_width":0,"ocean_custom_logo_max_height":0,"ocean_custom_logo_tablet_max_height":0,"ocean_custom_logo_mobile_max_height":0,"ocean_header_custom_menu":"","ocean_menu_typo_font_family":"","ocean_menu_typo_font_subset":"","ocean_menu_typo_font_size":0,"ocean_menu_typo_font_size_tablet":0,"ocean_menu_typo_font_size_mobile":0,"ocean_menu_typo_font_size_unit":"px","ocean_menu_typo_font_weight":"","ocean_menu_typo_font_weight_tablet":"","ocean_menu_typo_font_weight_mobile":"","ocean_menu_typo_transform":"","ocean_menu_typo_transform_tablet":"","ocean_menu_typo_transform_mobile":"","ocean_menu_typo_line_height":0,"ocean_menu_typo_line_height_tablet":0,"ocean_menu_typo_line_height_mobile":0,"ocean_menu_typo_line_height_unit":"","ocean_menu_typo_spacing":0,"ocean_menu_typo_spacing_tablet":0,"ocean_menu_typo_spacing_mobile":0,"ocean_menu_typo_spacing_unit":"","ocean_menu_link_color":"","ocean_menu_link_color_hover":"","ocean_menu_link_color_active":"","ocean_menu_link_background":"","ocean_menu_link_hover_background":"","ocean_menu_link_active_background":"","ocean_menu_social_links_bg":"","ocean_menu_social_hover_links_bg":"","ocean_menu_social_links_color":"","ocean_menu_social_hover_links_color":"","ocean_disable_title":"default","ocean_disable_heading":"default","ocean_post_title":"","ocean_post_subheading":"","ocean_post_title_style":"","ocean_post_title_background_color":"","ocean_post_title_background":0,"ocean_post_title_bg_image_position":"","ocean_post_title_bg_image_attachment":"","ocean_post_title_bg_image_repeat":"","ocean_post_title_bg_image_size":"","ocean_post_title_height":0,"ocean_post_title_bg_overlay":0.5,"ocean_post_title_bg_overlay_color":"","ocean_disable_breadcrumbs":"default","ocean_breadcrumbs_color":"","ocean_breadcrumbs_separator_color":"","ocean_breadcrumbs_links_color":"","ocean_breadcrumbs_links_hover_color":"","ocean_display_footer_widgets":"default","ocean_display_footer_bottom":"default","ocean_custom_footer_template":"","footnotes":"","_links_to":"","_links_to_target":""},"class_list":["post-6667","page","type-page","status-publish","hentry","entry"],"_links":{"self":[{"href":"https:\/\/www.sim.upb.ro\/index.php\/wp-json\/wp\/v2\/pages\/6667","targetHints":{"allow":["GET"]}}],"collection":[{"href":"https:\/\/www.sim.upb.ro\/index.php\/wp-json\/wp\/v2\/pages"}],"about":[{"href":"https:\/\/www.sim.upb.ro\/index.php\/wp-json\/wp\/v2\/types\/page"}],"author":[{"embeddable":true,"href":"https:\/\/www.sim.upb.ro\/index.php\/wp-json\/wp\/v2\/users\/4"}],"replies":[{"embeddable":true,"href":"https:\/\/www.sim.upb.ro\/index.php\/wp-json\/wp\/v2\/comments?post=6667"}],"version-history":[{"count":58,"href":"https:\/\/www.sim.upb.ro\/index.php\/wp-json\/wp\/v2\/pages\/6667\/revisions"}],"predecessor-version":[{"id":7088,"href":"https:\/\/www.sim.upb.ro\/index.php\/wp-json\/wp\/v2\/pages\/6667\/revisions\/7088"}],"wp:attachment":[{"href":"https:\/\/www.sim.upb.ro\/index.php\/wp-json\/wp\/v2\/media?parent=6667"}],"curies":[{"name":"wp","href":"https:\/\/api.w.org\/{rel}","templated":true}]}}